10*b - g - 18 = 0. Suppose 49 = 5*c - 3*s, -2 + 11 = -b*s. What is the units digit of c?
8
Let r(o) = -4*o**3 - 8*o**2 - 3. Let b(l) = -3*l**3 - 7*l**2 + l - 3. Let g(v) = 5*b(v) - 4*r(v). What is the units digit of g(3)?
2
Let q(g) = -g**3 - 7*g**2 + 9*g + 11. Let i be q(-8). Suppose -33 = -3*n - 3*x - i, -36 = -4*n - 3*x. What is the units digit of n?
6
What is the units digit of (4/((-36)/21))/((-5)/45)?
1
Let i(u) = -4*u - 3. Let b be i(-2). Suppose -20 = -b*q, -2*h - 3*q = 3*h - 87. Let c = -9 + h. What is the units digit of c?
6
Suppose 4 = 4*d - 0*d. What is the tens digit of (13 - 2) + (d - -1)?
1
Suppose 2*n = -2*l + 13 + 3, l = -3*n + 20. Suppose -2*z + 2*g + 14 = -n, 5*g - 6 = -2*z. Suppose z = t - 1. What is the units digit of t?
9
Suppose 0 = -6*l + 94 + 392. What is the tens digit of l?
8
Suppose -5*p + 68 = 4*b, 0 = -p - p - 2*b + 28. What is the units digit of p?
2
Suppose 167 = g + 2*g - 5*m, 5*g = 2*m + 253. What is the tens digit of g?
4
What is the tens digit of (-552)/(-16)*(-12)/(-9)?
4
Let s = 9 + 36. What is the tens digit of s?
4
Let a(c) = -c**3 + c**2 - 2*c. What is the units digit of a(-3)?
2
Let s(z) = -z**3 + 5*z**2 - 5*z + 1. Let v be s(4). Let i = 27 + v. What is the units digit of i?
4
Suppose -2*g - 15 = g. What is the units digit of (-1 - -2)/(g/(-10))?
2
Suppose -4*a + 320 = 16. Suppose -a = -5*h + h. What is the tens digit of h?
1
Let w(i) = -i**2 + 12*i - 12. Let h(z) = -z**3 - 9*z**2 + 9*z - 1. Let u be h(-10). What is the units digit of w(u)?
5
Let l = 23 + -12. What is the tens digit of l?
1
Suppose -6*d + 12*d = 564. What is the tens digit of d?
9
Suppose 2*t - 28 = 24. What is the units digit of t?
6
Let f = 16 - 1. What is the units digit of f?
5
Suppose x - 4*l = 7 + 19, 5*x - 4*l = 130. What is the tens digit of x?
2
Let l = 426 + -301. What is the hundreds digit of l?
1
Let c be 1/((-1)/(-6) + 0). Let q(n) = 9*n - 3. Let x(a) = -5*a + 2. Let u(j) = c*q(j) + 11*x(j). What is the units digit of u(-5)?
9
What is the hundreds digit of (-4)/6 - 2470/(-15)?
1
Let u = 18 + -13. Suppose 7*j - 6 = 2*j + 4*n, -u*j + 9 = -n. Suppose -4*f - 2*b = -j*f, -4*f = -4*b - 24. What is the units digit of f?
3
Let w = 4 + 1. What is the units digit of w?
5
Let u(m) = -m**2 + 15*m - 9. Let h = 10 - 0. What is the units digit of u(h)?
1
Suppose -2*s = 2*s - 2*b - 122, -s - 2*b = -33. Suppose 4*c - s = -3*d, -2*d - c = -10 - 4. What is the units digit of d?
5
What is the units digit of (39 - 2)*(-2 - -3)?
7
Let w = 253 - 142. What is the tens digit of w?
1
Let u(w) = -w + 1. Let r be u(-8). Let a = 15 - r. What is the units digit of a?
6
Let q(l) = 2*l**3 - 5*l**2 + 10*l - 1. What is the tens digit of q(5)?
7
Let u(c) be the third derivative of -c**6/120 - c**5/12 + c**4/4 - 5*c**3/6 + 2*c**2. Let k be u(-6). What is the units digit of (-35)/(-4) + k/(-20)?
9
What is the units digit of (-1 + 3/(-3))*(-291)/6?
7
Suppose 3*z + s = -33, -5*z + 2*z = -5*s + 51. Let c(d) = d + 26. What is the tens digit of c(z)?
1
Let z(b) = -b - 11. Let c be z(0). Let r(h) = h**3 + 11*h**2 - 2*h + 1. What is the units digit of r(c)?
3
Suppose -u + 5*u + 24 = -3*d, -u = 0. What is the units digit of (12/d)/(1/(-2))?
3
Let b = -280 - -633. What is the hundreds digit of b?
3
Let j = -32 - -22. Let c be ((-8)/j)/(3/(-15)). Let u = c - -6. What is the units digit of u?
2
Suppose f - 2*f + 16 = 0. Suppose -7*a + 3*a = f. What is the units digit of 8/6*(-6)/a?
2
Let l(a) = 41*a + 4*a**2 - 41*a. What is the units digit of l(1)?
4
Let i(o) = 18*o + 3. What is the units digit of i(2)?
9
Let a(g) = -g**3 + 6*g**2 - 2*g + 9. What is the units digit of a(5)?
4
Let q = -15 - -58. Suppose 0 = -4*n - 12, -5 = -3*y + 5*n + q. What is the units digit of y?
1
Let v(j) = j**2 + 4*j + 6. Suppose 5*k + y = -23, -2*k - y = -3*k - 7. What is the tens digit of v(k)?
1
Suppose -5*n - 183 = 27. What is the units digit of (n/18)/((-2)/6)?
7
Suppose -2 = 3*c + 4. Let n be c/4 - (-76)/8. Let p = 13 - n. What is the units digit of p?
4
Let d = 8 + -6. Suppose 3*g - d*g - 14 = 5*b, 2*g - 16 = -2*b. What is the units digit of g?
9
Let j(n) be the first derivative of n**3/3 - 3*n**2/2 + 4*n + 1. What is the tens digit of j(5)?
1
Let w be (-5)/(-3) - 3/(-9). What is the tens digit of w/(-4) - 125/(-10)?
1
Let i(c) = 3*c - 10. Let j be i(5). Let v be (6/4)/(9/30). Suppose -5*o + 20 = v*a, 25 = j*a - o - 1. What is the units digit of a?
5
Suppose 0*x = -x + s + 14, -3*x - 3*s + 24 = 0. Suppose 2*v - v = x. What is the units digit of v?
1
Let r(z) be the third derivative of z**5/60 + z**4/3 - 3*z**3/2 - 3*z**2. Let s be r(-7). Let p = s - -34. What is the units digit of p?
8
Let f be (-25)/(-10)*(-8)/(-5). Suppose q - 15 = -f*q. Suppose 0 = q*j - 30 - 6. What is the units digit of j?
2
Suppose -4*u + 34 = -0*u - 3*c, -5*u + 40 = -5*c. Suppose 4*p = -3*a - 35, 4*a - 3*p + 4 = -1. What is the units digit of 1/a - (-92)/u?
9
Suppose -7*x = -1450 - 629. What is the hundreds digit of x?
2
Let x(c) = 3*c**2 - 2*c. Let b be x(6). What is the tens digit of (b/9)/(4/6)?
1
Suppose 2*j - 44 = 36. What is the units digit of j?
0
Suppose -2*t - 3*c = -131, 4*t - 3*c - 36 = 217. What is the units digit of t?
4
Suppose 0 = q, 4*q + 19 = 5*g - 6. Suppose -2*b = j - 42, b + 2*b - 63 = -g*j. Suppose 3*n + 3 = -2*d - d, 5*n = -d - b. What is the units digit of d?
4
Let s(t) = 17*t**2 - 4*t + 7. Let c(m) = 11*m**2 - 3*m + 5. Let r(p) = -7*c(p) + 5*s(p). Suppose 0 = -6*l + 5*l - 1. What is the units digit of r(l)?
7
Let y = -8 - -5. Let a = y + 6. Let r = 4 - a. What is the units digit of r?
1
Let y be (-8)/(-16)*(-2 + -10). Let q = y + 9. What is the units digit of q?
3
Let i = 13 + -4. Suppose -4*u - 73 = -2*s + i, 0 = -5*s + 3*u + 170. What is the tens digit of s?
3
Let f be 15/9*(-4 - 2). What is the units digit of (-1)/2*(f - -6)?
2
Let f be 2 - (2 - (-3 + 3)). Suppose f = -q - q + 6. Suppose 0 = -q*m + 2*h + 44, 3*m + 11 - 48 = -5*h. What is the units digit of m?
4
Suppose -m + 25 = -6*w + 2*w, -w = -2*m + 8. Let l be w/(4/(-1*2)). What is the units digit of (-1*3)/(l/(-4))?
4
Let b = 82 - 6. What is the units digit of b?
6
Suppose 6*r = r + 100. What is the units digit of r?
0
Let f(q) = 2*q - 2. Let a(i) = -i. Let b(j) = -3*a(j) - f(j). Suppose -4*v = v - 15. What is the units digit of b(v)?
5
Let x = 5 + 30. What is the tens digit of x?
3
Let f(v) = -v**3 - 4*v**2 + 4*v - 1. Let p be f(-5). What is the tens digit of (-6)/(-2) + (15 - p)?
1
Suppose 0 = 4*q + 4 - 24, -n - q = -7. What is the units digit of n?
2
Let g(j) = j**2 + j - 8. Let m be g(-6). Let z = m + -15. What is the units digit of z?
7
Suppose -13 = -2*s + 29. What is the tens digit of s?
2
Let r(q) = 6*q - 3 + 18*q**2 - 19*q**2 + 9. Suppose -2*d + 0*l - 13 = -5*l, 2*l - 40 = -5*d. What is the units digit of r(d)?
6
Let s = -421 + 597. Suppose -3*p + 13 = -4*o + s, -o = 3*p - 37. What is the units digit of o?
0
Let o = -149 + 237. What is the units digit of o?
8
Let v(t) = -t**3 - 3*t**2 - t + 4. Let h be v(-3). Let p(u) = u - 4. Let x be p(h). What is the units digit of 9 + x + -1*2?
0
Let z = -3 + 8. Let y = z + 0. What is the units digit of y?
5
Let v(q) = -q**3 - q**2 + q + 90. What is the tens digit of v(0)?
9
Let d(r) = r - 2. Let y(v) = v - 6. Let z be y(10). What is the units digit of d(z)?
2
Let d(i) = i**2 - i. Let n be d(1). Suppose -5*z - 57 = -4*x - 0*z, n = -2*z + 6. What is the units digit of x?
8
Suppose -4 + 64 = 4*j + 4*u, -3*j + 37 = -u. What is the units digit of j?
3
Let w(m) = -m**3 - m**2 - m + 12. What is the tens digit of w(0)?
1
Let d(t) = -t**3 + 10*t**2 + t - 14. Suppose 4*h - 2*h = 20. Let p be d(h). Let k(x) = -x**3 - 2*x**2 + 6*x + 5. What is the tens digit of k(p)?
1
Suppose u - 7 = -3, 2*u = -2*d + 4. What is the units digit of ((-9)/(-36))/(d/(-88))?
1
Let l(a) = -a**3 - 5*a**2 - 4*a + 2. Let g be l(-4). Let u be -2 - (-15 + g/(-2)). Suppose 4*y - u = 6. What is the units digit of y?
5
Suppose -3*y = 2*b + 7 + 47, 5*y = 2*b + 54. Let t = b + 53. What is the tens digit of t?
2
Suppose -4*z + 3 = -5*b, -z = 2*z - 3*b - 3. Suppose -n - 5*q = -23, 2*n + 3*n + z*q - 23 = 0. Suppose n*i + i = 68. What is the tens digit of i?
1
Suppose -2*q + p + p = -6, -q + 4*p = -15. Let a be 1/(((-3)/9)/q). Su